6?
74
What is the remainder when 785988 is divided by 32?
4
Calculate the remainder when 632237 is divided by 316034.
169
What is the remainder when 3905810 is divided by 501?
14
Calculate the remainder when 2919392 is divided by 1459623.
146
What is the remainder when 23181033 is divided by 2107365?
18
Calculate the remainder when 190925402 is divided by 21213933.
5
What is the remainder when 6428438 is divided by 2864?
1622
Calculate the remainder when 10614 is divided by 8686.
1928
Calculate the remainder when 53653 is divided by 51924.
1729
What is the remainder when 6863993 is divided by 220?
213
What is the remainder when 24878016 is divided by 74?
30
What is the remainder when 941526 is divided by 301?
299
Calculate the remainder when 30175718 is divided by 2751.
2750
Calculate the remainder when 1136294 is divided by 15.
14
Calculate the remainder when 513992 is divided by 25698.
32
Calculate the remainder when 120200 is divided by 37900.
6500
Calculate the remainder when 10234 is divided by 9412.
822
Calculate the remainder when 30389196 is divided by 1005.
6
Calculate the remainder when 11288932 is divided by 788.
44
What is the remainder when 15384106 is divided by 266?
262
What is the remainder when 4637609 is divided by 2327?
2225
Calculate the remainder when 274299 is divided by 2663.
10
What is the remainder when 57467141 is divided by 37?
36
Calculate the remainder when 703257 is divided by 37.
35
Calculate the remainder when 801655 is divided by 130.
75
What is the remainder when 15503379 is divided by 4?
3
What is the remainder when 14115 is divided by 2266?
519
What is the remainder when 3261471 is divided by 1676?
1651
Calculate the remainder when 447760 is divided by 13959.
1072
What is the remainder when 27134 is divided by 304?
78
What is the remainder when 154244 is divided by 6?
2
Calculate the remainder when 2748315 is divided by 1175.
1165
Calculate the remainder when 961322 is divided by 48065.
22
What is the remainder when 67432 is divided by 10787?
2710
Calculate the remainder when 950561 is divided by 876.
101
Calculate the remainder when 1100367 is divided by 91.
86
Calculate the remainder when 388392989 is divided by 1327.
1321
What is the remainder when 40438 is divided by 490?
258
Calculate the remainder when 7819 is divided by 2770.
2279
Calculate the remainder when 4041495 is divided by 91.
3
What is the remainder when 97957 is divided by 5777?
5525
Calculate the remainder when 26241023 is divided by 103.
22
What is the remainder when 888071 is divided by 2215?
2071
Calculate the remainder when 889921 is divided by 889906.
15
What is the remainder when 766894 is divided by 25428?
4054
What is the remainder when 394326 is divided by 1678?
1674
What is the remainder when 2299 is divided by 1430?
869
Calculate the remainder when 4678 is divided by 4063.
615
Calculate the remainder when 1688193 is divided by 1118.
13
Calculate the remainder when 14659800 is divided by 1162.
8
What is the remainder when 30128587 is divided by 6446?
6429
Calculate the remainder when 45919607 is divided by 3229.
3227
What is the remainder when 1057094542 is divided by 116?
114
Calculate the remainder when 13169 is divided by 1693.
1318
What is the remainder when 2139389 is divided by 489?
14
Calculate the remainder when 1401394 is divided by 348.
346
What is the remainder when 57917 is divided by 19262?
131
What is the remainder when 2499305 is divided by 113?
84
Calculate the remainder when 1996355 is divided by 399254.
85
Calculate the remainder when 197250 is divided by 13428.
9258
Calculate the remainder when 62801205 is divided by 957.
951
What is the remainder when 254641 is divided by 1243?
1069
What is the remainder when 3228973 is divided by 201809?
29
Calculate the remainder when 364989 is divided by 1901.
1898
What is the remainder when 373089725 is divided by 88?
85
What is the remainder when 34109 is divided by 11264?
317
Calculate the remainder when 119599 is divided by 1595.
1569
What is the remainder when 1361511 is divided by 42?
39
Calculate the remainder when 56130306 is divided by 492371.
12
What is the remainder when 1000398 is divided by 1024?
974
Calculate the remainder when 5273 is divided by 2780.
2493
What is the remainder when 182945 is divided by 901?
42
Calculate the remainder when 6647401 is divided by 4253.
4215
What is the remainder when 7992 is divided by 3444?
1104
Calculate the remainder when 4594363 is divided by 176705.
33
What is the remainder when 346487 is divided by 3122?
3067
Calculate the remainder when 4598002 is divided by 1149472.
114
What is the remainder when 11629975 is divided by 405?
400
What is the remainder when 1955979161 is divided by 1614?
1613
Calculate the remainder when 76773588 is divided by 1409.
1405
Calculate the remainder when 505261 is divided by 137.
5
Calculate the remainder when 14113290 is divided by 200.
90
Calculate the remainder when 13341590 is divided by 9949.
9930
What is the remainder when 280672 is divided by 2358?
70
What is the remainder when 44946 is divided by 7453?
228
Calculate the remainder when 97083704 is divided by 16180614.
20
Calculate the remainder when 29608009 is divided by 29.
24
What is the remainder when 511746 is divided by 11366?
276
What is the remainder when 4980 is divided by 4895?
85
What is the remainder when 412681 is divided by 2107?
1816
Calculate the remainder when 27974192 is divided by 1645540.
12
Calculate the remainder when 180001916 is divided by 421.
419
What is the remainder when 838063048 is divided by 643?
639
Calculate the remainder when 7318185 is divided by 25588.
17
Calculate the remainder when 1872265 is divided by 101.
28
Calculate the remainder when 4237462 is divided by 17656.
22
What is the remainder when 324864 is divided by 2256?
0
What is the remainder when 73559 is divided by 2300?
2259
What is the remainder when 43219623 is divided by 28?
27
What is the remainder when 542710 is divided by 193?
187
Calculate the remainder when 12449317 is divided by 98.
83
What is the remainder when 1349030 is divided by 1712?
1686
What is the remainder when 694523 is divided by 5222?
5219
What is the remainder when 356710 is divided by 7274?
284
What is the remainder when 245218 is divided by 433?
140
Calculate the remainder when 2466371 is divided by 133.
19
What is the remainder when 11506329 is divided by 1499?
5
Calculate the remainder when 80762532 is divided by 31.
30
What is the remainder when 121437 is divided by 1286?
553
Calculate the remainder when 536858561 is divided by 9722.
9721
Calculate the remainder when 31728761 is divided by 4923.
26
Calculate the remainder when 1544381 is divided by 135.
116
Calculate the remainder when 135185718 is divided by 69.
21
Calculate the remainder when 51494 is divided by 33.
14
What is the remainder when 17829104 is divided by 5635?
5599
Calculate the remainder when 945351 is divided by 1439.
1367
What is the remainder when 5104318 is divided by 177?
169
What is the remainder when 494816 is divided by 70651?
259
What is the remainder when 11549216 is divided by 1855?
1841
What is the remainder when 167438 is divided by 167407?
31
What is the remainder when 38246 is divided by 914?
772
Calculate the remainder when 4103750 is divided by 1756.
1734
What is the remainder when 2806688 is divided by 143?
27
Calculate the remainder when 7579675 is divided by 5598.
5581
Calculate the remainder when 539388 is divided by 533.
525
Calculate the remainder when 69198954 is divided by 34599473.
8
What is the remainder when 153765907 is divided by 137?
121
What is the remainder when 16627 is divided by 204?
103
What is the remainder when 58775 is divided by 3272?
3151
What is the remainder when 43408343 is divided by 342?
335
Calculate the remainder when 16996392 is divided by 228.
132
Calculate the remainder when 339279 is divided by 42044.
2927
Calculate the remainder when 57001824 is divided by 3800121.
9
What is the remainder when 326075 is divided by 206?
183
Calculate the remainder when 1888382 is divided by 5231.
5222
What is the remainder when 24522 is divided by 3170?
2332
Calculate the remainder when 51228 is divided by 2880.
2268
Calculate the remainder when 1806812 is di